s digit of 4764993?
4
What is the ten millions digit of 114113771?
1
What is the thousands digit of 109734481?
4
What is the thousands digit of 333186984?
6
What is the millions digit of 40895041?
0
What is the millions digit of 69433202?
9
What is the millions digit of 252856793?
2
What is the units digit of 464175299?
9
What is the units digit of 9510946?
6
What is the hundreds digit of 819347613?
6
What is the hundred thousands digit of 194304601?
3
What is the hundred thousands digit of 570670819?
6
What is the millions digit of 499140868?
9
What is the units digit of 1129700994?
4
What is the ten millions digit of 28760851?
2
What is the ten thousands digit of 24890104?
9
What is the ten thousands digit of 5033967659?
6
What is the units digit of 146677057?
7
What is the thousands digit of 70600838?
0
What is the tens digit of 7208208?
0
What is the ten millions digit of 372301213?
7
What is the ten millions digit of 231935028?
3
What is the ten thousands digit of 3208316964?
1
What is the hundred millions digit of 452356072?
4
What is the hundred millions digit of 2696179697?
6
What is the ten millions digit of 38186966?
3
What is the millions digit of 940647286?
0
What is the hundred thousands digit of 61553160?
5
What is the hundred thousands digit of 72797891?
7
What is the units digit of 35118604?
4
What is the units digit of 370551346?
6
What is the millions digit of 90091446?
0
What is the billions digit of 2705822142?
2
What is the hundred millions digit of 834680683?
8
What is the tens digit of 194354433?
3
What is the hundred thousands digit of 18425845?
4
What is the hundreds digit of 2343351963?
9
What is the hundred thousands digit of 3277035?
2
What is the ten millions digit of 1186492904?
8
What is the ten thousands digit of 4017733535?
3
What is the tens digit of 791639453?
5
What is the millions digit of 25154829?
5
What is the units digit of 81601860?
0
What is the hundred thousands digit of 16456510?
4
What is the hundred thousands digit of 2772686750?
6
What is the hundred millions digit of 102965709?
1
What is the millions digit of 89511419?
9
What is the hundred thousands digit of 445343971?
3
What is the millions digit of 409365285?
9
What is the units digit of 230412356?
6
What is the ten thousands digit of 2267419181?
1
What is the units digit of 39739812?
2
What is the units digit of 56105203?
3
What is the ten thousands digit of 317835794?
3
What is the ten millions digit of 26774131?
2
What is the billions digit of 1172288362?
1
What is the units digit of 357739398?
8
What is the tens digit of 112364777?
7
What is the hundred thousands digit of 743559715?
5
What is the hundred millions digit of 109051541?
1
What is the hundred millions digit of 688951881?
6
What is the tens digit of 21382428?
2
What is the millions digit of 1786889?
1
What is the ten thousands digit of 734743400?
4
What is the hundred thousands digit of 336695162?
6
What is the millions digit of 4812201?
4
What is the thousands digit of 2020037791?
7
What is the hundred thousands digit of 32518480?
5
What is the millions digit of 5342296289?
2
What is the millions digit of 4234201906?
4
What is the thousands digit of 64172493?
2
What is the millions digit of 1055862762?
5
What is the millions digit of 294657483?
4
What is the millions digit of 698093843?
8
What is the millions digit of 132984356?
2
What is the millions digit of 130439085?
0
What is the billions digit of 1941636763?
1
What is the hundred thousands digit of 812730?
8
What is the millions digit of 806643585?
6
What is the thousands digit of 108486079?
6
What is the hundreds digit of 732152013?
0
What is the millions digit of 13257273?
3
What is the millions digit of 333265717?
3
What is the billions digit of 2432507180?
2
What is the tens digit of 109547213?
1
What is the tens digit of 5334325620?
2
What is the hundreds digit of 2103300186?
1
What is the hundred millions digit of 3100382667?
1
What is the hundreds digit of 147723065?
0
What is the tens digit of 424251633?
3
What is the units digit of 2396071129?
9
What is the ten thousands digit of 81173319?
7
What is the hundreds digit of 2411479?
4
What is the tens digit of 49076261?
6
What is the units digit of 59211834?
4
What is the billions digit of 1251150910?
1
What is the hundreds digit of 145604797?
7
What is the hundred thousands digit of 33607396?
6
What is the tens digit of 39199311?
1
What is the hundred millions digit of 4480769349?
4
What is the millions digit of 1391803298?
1
What is the ten thousands digit of 49860974?
6
What is the hundred millions digit of 455408651?
4
What is the hundreds digit of 180141304?
3
What is the thousands digit of 456419?
6
What is the hundreds digit of 884871440?
4
What is the millions digit of 117626723?
7
What is the millions digit of 198099304?
8
What is the ten thousands digit of 349752589?
5
What is the millions digit of 1257407247?
7
What is the tens digit of 275651611?
1
What is the units digit of 45425550?
0
What is the tens digit of 143917466?
6
What is the ten thousands digit of 46328322?
2
What is the ten thousands digit of 260157164?
5
What is the tens digit of 26600402?
0
What is the hundred thousands digit of 700736388?
7
What is the tens digit of 29240926?
2
What is the hundred millions digit of 388046533?
3
What is the units digit of 145081286?
6
What is the hundred thousands digit of 3121739889?
7
What is the hundreds digit of 2775393540?
5
What is the hundreds digit of 11686504?
5
What is the hundred thousands digit of 4910597?
9
What is the ten thousands digit of 81489745?
8
What is the hundreds digit of 2482648394?
3
What is the tens digit of 2321013672?
7
What is the ten thousands digit of 404169550?
6
What is the ten millions digit of 316725190?
1
What is the thousands digit of 913629360?
9
What is the millions digit of 40927334?
0
What is the hundred thousands digit of 55637149?
6
What is the ten thousands digit of 246822027?
2
What is the billions digit of 1529389523?
1
What is the tens digit of 2053766054?
5
What is the hundred thousands digit of 1466714807?
7
What is the millions digit of 40717261?
0
What is the ten thousands digit of 5780984763?
8
What is the hundreds digit of 86997309?
3
What is the millions digit of 850804847?
0
What is the millions digit of 296947606?
6
What is the units digit of 461603095?
5
What is the units digit of 130193964?
4
What is the thousands digit of 970336030?
6
What is the hundreds digit of 283605857?
8
What is the tens digit of 1990671337?
3
What is the hundreds digit of 2162769180?
1
What is the units digit of 117570601?
1
What is the ten thousands digit of 226455036?
5
What is the ten millions digit of 183458930?
8
What is the ten thousands digit of 265440492?
4
What is the units digit of 32346319?
9
What is the ten millions digit of 582028245?
8
What is the ten thousands digit of 562632707?
3
What is the hundred thousands digit of 76016704?
0
What is the hundred thousands digit of 14703310?
7
What is the ten thousands digit of 59660670?
6
What is the ten thousands digit of 44551140?
5
What is the hundreds digit of 151513848?
8
What is the billions digit of 1509839590?
1
What is the ten millions digit of 583741264?
8
What is the hundred millions digit of 104417795?
1
What is the thousands digit of 2552015371?
5
What is the thousands digit of 305801?
5
What is the millions digit of 216305846?
6
What is the ten millions digit of 1288802030?
8
What is the units digit of 785057632?
2
What is the millions digit of 78489043?
8
What is the hundreds digit of 75862039?
0
What is the units digit of 426695057?
7
What is the hundreds digit of 680538503?
5
What is the units digit of 207319991?
1
What is the ten millions digit of 38572370?
3
What is the ten millions digit of 149544433?
4
What is the hundreds digit of 9123889117?
1
What is the ten millions digit of 5026945649?
2
What is the tens digit of 112522719?
1
What is the hundred thousands digit of 57384155?
3
What is the millions digit of 66161597?
6
What is the millions digit of 3542972154?
2
What is the units digit of 2346438045?
5
What is the hundreds digit of 933970477?
4
What is the hundred millions digit of 290608801?
2
What is the ten millions digit of 251899366?
5